) = 5*d**2 - 308*d - 1039. Give h(64).
-271
Let o(c) = 7*c**3 + 40*c**2 - 1097*c + 12. What is o(10)?
42
Let k(z) = 192*z + 26421. What is k(-160)?
-4299
Let z(y) = -8*y**2 - 3048*y + 9227. What is z(3)?
11
Let k(o) = -2*o**3 + 43*o**2 + 1048*o + 40. Give k(36).
184
Let d(j) = -17*j**3 + 6*j**2 + 21*j + 36. Determine d(-2).
154
Let s(o) = o**3 - 190*o**2 + 42*o + 26065. Determine s(189).
-1718
Let g(s) = -1754*s + 10422. Calculate g(7).
-1856
Let y(o) = 580*o + 31532. Give y(-54).
212
Let v(f) = -2900*f**2 + 1920*f - 1919. Calculate v(1).
-2899
Let j(c) = 127*c**3 - 159*c**2 - 8*c - 1. Calculate j(2).
363
Let k(d) = -21*d**2 - 492*d + 62330. Give k(44).
26
Let k(z) = -z**3 + 541*z**2 - 10*z + 5216. What is k(541)?
-194
Let o(d) = -d**2 - 8418*d - 193073. What is o(-23)?
12
Let u(h) = -h**3 - 27*h**2 - 132*h + 41. Give u(-7).
-15
Let d(k) = -2*k**2 + 8*k + 1263. Calculate d(-23).
21
Let j(q) = -150*q**2 + 776*q + 43. Determine j(5).
173
Let l(a) = a**3 - 1035*a**2 + 2553*a - 503069. What is l(1033)?
2
Let b(q) = -q**3 - 845*q**2 + 16411*q - 4332. Calculate b(-864).
-12
Let f(d) = 2*d**3 + 177*d**2 + 2638*d + 6. What is f(-19)?
63
Let z(d) = -6*d**3 + 22*d**2 + 476*d - 1869. Calculate z(4).
3
Let r(n) = -329*n**2 + 4230*n + 238. Give r(13).
-373
Let r(z) = -z**3 + 24*z**2 - 82*z - 19. Determine r(19).
228
Let g(v) = -57605*v - 287998. Give g(-5).
27
Let v(g) = 259688*g + 4414728. Determine v(-17).
32
Let v(f) = 1858*f - 13304. Determine v(7).
-298
Let c(q) = q**2 + 270*q - 6402. Calculate c(22).
22
Let t(u) = -u**2 + 751*u - 51226. What is t(75)?
-526
Let c(o) = -8*o**3 + 27*o**2 - 79*o + 7. What is c(4)?
-389
Let f(d) = -d**3 - 23*d**2 - 80*d - 171. Give f(-20).
229
Let v(o) = 2*o**2 + 5395*o + 101995. Give v(-19).
212
Let y(h) = h**2 + 14*h - 113. Determine y(4).
-41
Let l(n) = -990*n - 130711. Determine l(-132).
-31
Let k(a) = 24744*a + 123732. Determine k(-5).
12
Let w(j) = 2*j**3 + 274*j**2 - 1662*j - 339. Calculate w(6).
-15
Let r(b) = 2927*b + 1191033. Calculate r(-407).
-256
Let q(c) = -c**2 - 1119*c - 279022. Calculate q(-375).
-22
Let m(v) = -178*v**3 - 2846*v**2 + 71*v + 622. Calculate m(-16).
-2
Let x(d) = 21*d**2 + 471*d - 366. Give x(-22).
-564
Let v(q) = -2548*q + 9525. What is v(4)?
-667
Let q(l) = -1835767*l + 3671545. What is q(2)?
11
Let k(m) = 2*m**3 + 6*m**2 - 133*m + 1399. Determine k(11).
3324
Let v(d) = 24*d**2 + 1364*d + 548. Determine v(-56).
-572
Let w(y) = 27*y**2 - 193*y + 32. Calculate w(5).
-258
Let z(v) = 21*v**3 - 6*v**2 - 911*v - 2701. Give z(-3).
-589
Let f(y) = 2802*y + 18877. Give f(-7).
-737
Let x(s) = s**2 + 2221*s + 85154. Calculate x(-39).
56
Let p(m) = -14102*m - 211608. Determine p(-15).
-78
Let f(p) = -506*p - 194814. Determine f(-385).
-4
Let f(k) = -340*k + 28135. Calculate f(83).
-85
Let t(m) = -2030*m - 28668. Give t(-14).
-248
Let l(p) = -2*p**3 + 1546*p**2 - 3099*p + 11582. What is l(771)?
17
Let i(a) = 69*a**2 + 10014*a + 10012. Determine i(-1).
67
Let l(v) = -68*v**2 + 3941*v + 152. Give l(58).
-22
Let q(i) = -200*i + 59649. What is q(298)?
49
Let y(j) = -3*j**3 + 749*j**2 - 4156*j + 1142. What is y(244)?
-810
Let p(u) = 15*u**2 - 21*u - 3232. What is p(-14)?
2
Let i(z) = 2*z**2 - 1061*z + 133535. Determine i(206).
-159
Let a(d) = -d**3 - 36*d**2 - 110*d - 728. Calculate a(-33).
-365
Let i(y) = -23647*y - 93356. Calculate i(-4).
1232
Let n(y) = 26910*y - 2744823. Give n(102).
-3
Let a(o) = -o**2 + 1291*o - 6402. Give a(5).
28
Let d(w) = -4*w**3 - 10*w**2 + 42*w + 49. Calculate d(-5).
89
Let v(j) = -38*j**3 - 642*j**2 + 64*j + 1. Calculate v(-17).
69
Let t(v) = -554*v - 21026. Give t(-38).
26
Let q(x) = -1018*x + 63763. What is q(63)?
-371
Let p(y) = y**3 - 86*y**2 + 758*y + 48920. Give p(45).
5
Let y(r) = -2*r**2 - 16788*r + 286141. What is y(17)?
167
Let s(o) = 1966*o - 25481. What is s(13)?
77
Let f(o) = 7525*o + 165533. Calculate f(-22).
-17
Let i(u) = -7324*u - 205064. Calculate i(-28).
8
Let f(c) = c**3 + 23*c**2 - 823*c - 934. Determine f(-41).
2551
Let g(d) = 4*d**3 - d**2 - 8*d. Determine g(-6).
-852
Let k(b) = 14*b**2 - 719*b + 6626. Give k(12).
14
Let u(n) = 34*n**2 + 5512*n + 6135. What is u(-161)?
17
Let l(f) = -f**3 + 332*f**2 - 868*f + 68339. Calculate l(330).
-301
Let y(m) = -m**3 + 279*m**2 + 931*m - 23954. What is y(282)?
16
Let z(d) = d**3 + 1049*d**2 - 22473*d - 99. Give z(21).
-162
Let l(z) = -43909*z + 483011. Determine l(11).
12
Let l(w) = 1689*w + 290499. Determine l(-172).
-9
Let f(v) = 12*v**2 - 46*v + 111. Give f(14).
1819
Let h(k) = 138*k - 5793. Give h(42).
3
Let w(h) = 1069*h - 124845. Give w(117).
228
Let c(t) = 676*t**2 + 25528*t - 6088. Calculate c(-38).
-8
Let h(s) = 10579*s - 264441. What is h(25)?
34
Let q(f) = -263*f + 1969. What is q(6)?
391
Let y(f) = 2*f**3 - 95*f**2 + 560*f - 1109. What is y(41)?
-2
Let a(g) = -11*g**3 + g**2 + 119*g + 352. Calculate a(-3).
301
Let i(j) = 11*j**2 - 4682*j - 1710. Give i(426).
-6
Let z(x) = 2*x**3 - 114*x**2 + 190*x - 4338. Give z(56).
30
Let p(u) = 515*u - 34521. Give p(66).
-531
Let q(f) = -28*f**2 + 1705*f + 432. Determine q(61).
249
Let f(a) = 771*a - 120362. Give f(159).
2227
Let b(x) = -6*x**2 + 2876*x + 155212. Give b(-49).
-118
Let q(t) = -158*t**2 - 49*t + 149. Give q(4).
-2575
Let j(x) = 14*x + 657. Determine j(64).
1553
Let f(p) = -p**2 - 1142*p + 195236. Calculate f(151).
-7
Let c(p) = -405*p**3 - 5*p**2 + 178*p - 336. What is c(2)?
-3240
Let v(k) = -414208*k - 5384702. Calculate v(-13).
2
Let s(r) = 65*r**2 + 1835*r - 70. Calculate s(-29).
1380
Let z(b) = b**2 - 186*b + 3736. Calculate z(22).
128
Let x(g) = 9026*g + 108307. Calculate x(-12).
-5
Let s(c) = -15*c**2 + 189*c + 286. Determine s(14).
-8
Let m(z) = -z**2 - 116*z + 591084. What is m(-829)?
7
Let k(c) = 174*c - 15114. Determine k(86).
-150
Let p(k) = 14*k**2 - 14867*k - 119837. Determine p(-8).
-5
Let f(y) = 1182*y + 9867. Give f(-8).
411
Let x(t) = -14*t**2 - 736*t - 62. What is x(-56)?
-2750
Let z(y) = -7*y**3 + 15194*y**2 + 673056*y + 1. Give z(2214).
1
Let s(r) = -r**2 + 977*r + 60500. What is s(-58)?
470
Let v(q) = 19879*q - 39797. Calculate v(2).
-39
Let q(y) = -43554*y + 3222994. Determine q(74).
-2
Let d(j) = 89*j**2 + 31038*j - 39178. What is d(-350)?
22
Let q(m) = -2*m**3 + 3*m**2 + 43*m + 235. Give q(-6).
517
Let h(c) = -86*c**2 - 697*c - 89. Determine h(-7).
576
Let r(l) = -10*l**2 + 54*l + 572. What is r(-8)?
-500
Let h(o) = 12*o - 377. Calculate h(12).
-233
Let p(z) = z**3 - 30*z**2 - 182*z + 4909. Determine p(31).
228
Let h(i) = 6187*i + 1008489. Determine h(-163).
8
Let o(i) = -89103*i - 356427. What is o(-4)?
-15
Let u(j) = -j**2 + 9*j + 274. Calculate u(23).
-48
Let f(t) = 2801*t**2 + 4*t + 38. What is f(-1)?
2835
Let l(i) = 85*i**3 - 2959*i**2 - 560*i - 9. Determine l(35).
-9
Let f(d) = -9*d**3 + 10*d**2 + 380*d + 1020. Calculate f(-3).
213
Let u(g) = g**2 - 286*g + 18700. Give u(101).
15
Let o(x) = 121201*x - 4484440. Give o(37).
-3
Let w(o) = 4*o**3 + 1784*o**2 - 110*o - 49061. What is w(-446)?
-1
Let q(v) = -635*v + 15981. Calculate q(25).
106
Let s(m) = -27*m**2 + 758*m - 158. Give s(27).
625
Let h(s) = 4465*s - 1803863. Calculate h(404).
-3
Let n(j) = 159*j**2 - 2876*j - 22978. Give n(-6).
2
Let w(p) = -p**3 + 159*p**2 + 154*p + 1059. Calculate w(160).
99
Let w(c) = 2*c**2 - 894*c - 5268. Determine w(-6).
168
Let c(d) = -d**2 + 507294*d + 4565736. Calculate c(-9).
9
Let i(v) = -1027*v + 687083. Determine i(669).
20
Let z(y) = -5*y**2 + 19078*y + 95447. Determine z(-5).
-68
Let w(d) = -3*d**3 - 6*d**2 - 51*d - 167. Determine w(-3).
13
Let b(i) = i**3 - 140*i**2 + 1140*i + 260. Give b(9).
-91
Let f(m) = -30429*m + 8733123. What is f(287)?
0
Let t(y) = -956*y - 933. What is t(0)?
-933
Let r(l) = -7106*l + 14283. Determine r(2).
71
Let q(h) = -485*h**2 - 11639*h + 11. What is q(-24)?
-13
Let v(i) = -13*i**3 - 1169*i**2 + 93*i + 239. What is v(-90)?
-31
Let d(w) = -18*w**2 - 524*w - 670. Calculate d(-28).
-110
Let p(k) = -624*k - 69901. Give p(-112).
-13
Let l(o) = 2*o**3 - 270*o**2 - 289*o + 1391. Calculate l(136).
-921
Let k(f) = f**2 + 716*f + 46857. Determine k(-643).
-82
Let k(q) = 9*q**3 - 59*q**2 - 225*q + 285. Determine k(1).
10
Let m(d) = 11*d**2 - 689*d - 11169. Give m(76).
3
Let n(f) = 22*f**2 + 244*f + 514. Give n(-